late the remainder when 20869606 is divided by 262.
258
What is the remainder when 728305 is divided by 363685?
935
What is the remainder when 1115288 is divided by 85782?
122
Calculate the remainder when 32717482 is divided by 89392.
10
What is the remainder when 3540160 is divided by 522?
478
What is the remainder when 133899449 is divided by 66949721?
7
Calculate the remainder when 219421 is divided by 1380.
1
What is the remainder when 198532527 is divided by 296?
295
Calculate the remainder when 10030157 is divided by 359.
56
Calculate the remainder when 22653526 is divided by 630.
616
What is the remainder when 24149 is divided by 3567?
2747
Calculate the remainder when 665425 is divided by 110876.
169
Calculate the remainder when 30207981 is divided by 42.
27
Calculate the remainder when 22754523 is divided by 305.
303
What is the remainder when 114343 is divided by 409?
232
What is the remainder when 89857653 is divided by 2834?
15
Calculate the remainder when 20902 is divided by 408.
94
Calculate the remainder when 99496183 is divided by 761.
760
Calculate the remainder when 325636 is divided by 841.
169
Calculate the remainder when 41683428 is divided by 105.
3
Calculate the remainder when 2082565 is divided by 260319.
13
Calculate the remainder when 405650712 is divided by 405650704.
8
What is the remainder when 12700 is divided by 147?
58
Calculate the remainder when 228409496 is divided by 125.
121
Calculate the remainder when 10072 is divided by 4669.
734
What is the remainder when 7430 is divided by 7131?
299
What is the remainder when 392718 is divided by 56101?
11
What is the remainder when 364308123 is divided by 1534?
1531
What is the remainder when 219233 is divided by 1451?
132
What is the remainder when 13045 is divided by 363?
340
Calculate the remainder when 25103792 is divided by 143.
142
What is the remainder when 11683583 is divided by 46?
43
Calculate the remainder when 7433416 is divided by 100.
16
What is the remainder when 15730401 is divided by 19021?
34
Calculate the remainder when 151011 is divided by 24.
3
Calculate the remainder when 97472 is divided by 3165.
2522
Calculate the remainder when 8049 is divided by 709.
250
What is the remainder when 12648 is divided by 1624?
1280
Calculate the remainder when 63011 is divided by 1680.
851
What is the remainder when 910204 is divided by 2853?
97
Calculate the remainder when 5482504 is divided by 362.
14
What is the remainder when 163797640 is divided by 81898820?
0
What is the remainder when 2669872 is divided by 1343?
1331
What is the remainder when 1119927 is divided by 1031?
261
Calculate the remainder when 12005254 is divided by 184.
174
What is the remainder when 240114 is divided by 240103?
11
Calculate the remainder when 11932166 is divided by 233.
3
What is the remainder when 13291805 is divided by 47134?
17
What is the remainder when 585001 is divided by 48624?
1513
What is the remainder when 15990686 is divided by 591?
590
Calculate the remainder when 1152286 is divided by 33.
25
What is the remainder when 4232982 is divided by 269?
267
Calculate the remainder when 53462 is divided by 8841.
416
What is the remainder when 110652 is divided by 26932?
2924
What is the remainder when 1706144 is divided by 170601?
134
What is the remainder when 899351 is divided by 109?
101
Calculate the remainder when 3103004 is divided by 8275.
8154
Calculate the remainder when 32467 is divided by 4921.
2941
Calculate the remainder when 270581 is divided by 30023.
374
Calculate the remainder when 723677 is divided by 456.
5
What is the remainder when 3376015 is divided by 422001?
7
Calculate the remainder when 106721192 is divided by 21.
11
Calculate the remainder when 381660 is divided by 181.
112
Calculate the remainder when 1918917 is divided by 1446.
75
Calculate the remainder when 22268208 is divided by 1557.
1551
What is the remainder when 144340572 is divided by 9?
3
What is the remainder when 621206 is divided by 14444?
114
What is the remainder when 53480 is divided by 554?
296
Calculate the remainder when 5603614 is divided by 229.
213
What is the remainder when 1508605 is divided by 865?
45
Calculate the remainder when 117016 is divided by 464.
88
What is the remainder when 11510136 is divided by 11510108?
28
Calculate the remainder when 457231 is divided by 22859.
51
Calculate the remainder when 388918 is divided by 48606.
70
What is the remainder when 2647411 is divided by 1310?
1211
What is the remainder when 730770 is divided by 1471?
1154
Calculate the remainder when 140210 is divided by 24.
2
Calculate the remainder when 527316188 is divided by 4436.
4432
Calculate the remainder when 125022357 is divided by 36.
9
What is the remainder when 21027698 is divided by 9?
8
Calculate the remainder when 406917 is divided by 1413.
1386
Calculate the remainder when 19621 is divided by 135.
46
Calculate the remainder when 467180 is divided by 231730.
3720
What is the remainder when 298035 is divided by 3605?
2425
What is the remainder when 73360 is divided by 9393?
7609
What is the remainder when 121942 is divided by 1461?
679
What is the remainder when 1049122 is divided by 245?
32
Calculate the remainder when 10272775 is divided by 2568136.
231
Calculate the remainder when 62395 is divided by 31170.
55
Calculate the remainder when 7018495 is divided by 41.
33
What is the remainder when 200017 is divided by 4427?
802
Calculate the remainder when 27556 is divided by 1963.
74
Calculate the remainder when 81604 is divided by 288.
100
Calculate the remainder when 2385518 is divided by 1121.
30
What is the remainder when 1234370 is divided by 617160?
50
Calculate the remainder when 33343111 is divided by 681.
670
Calculate the remainder when 14301144 is divided by 14301062.
82
Calculate the remainder when 446345 is divided by 89236.
165
Calculate the remainder when 16418 is divided by 1923.
1034
Calculate the remainder when 312219903 is divided by 1808.
1807
What is the remainder when 137892 is divided by 68775?
342
Calculate the remainder when 141673555 is divided by 10.
5
Calculate the remainder when 132113 is divided by 5513.
5314
What is the remainder when 25740 is divided by 11484?
2772
Calculate the remainder when 188508 is divided by 36024.
8388
Calculate the remainder when 65884737 is divided by 1246.
1241
What is the remainder when 320339215 is divided by 43?
8
Calculate the remainder when 131628 is divided by 14476.
1344
What is the remainder when 51567805 is divided by 8144?
8141
What is the remainder when 14464421 is divided by 15?
11
What is the remainder when 683492 is divided by 31?
4
What is the remainder when 47406167 is divided by 424?
423
Calculate the remainder when 274671 is divided by 457.
14
What is the remainder when 2577034 is divided by 135633?
7
What is the remainder when 435022 is divided by 434429?
593
Calculate the remainder when 365921 is divided by 144.
17
Calculate the remainder when 491753 is divided by 21.
17
What is the remainder when 126668 is divided by 41661?
1685
What is the remainder when 778476 is divided by 2703?
12
Calculate the remainder when 7980 is divided by 1945.
200
What is the remainder when 630639 is divided by 833?
58
What is the remainder when 771558 is divided by 973?
942
What is the remainder when 1662979 is divided by 92384?
67
Calculate the remainder when 2538087 is divided by 845905.
372
Calculate the remainder when 37694171 is divided by 37694143.
28
Calculate the remainder when 49312320 is divided by 6164039.
8
Calculate the remainder when 58258 is divided by 44482.
13776
Calculate the remainder when 774478 is divided by 1598.
1046
What is the remainder when 4193017 is divided by 1337?
185
Calculate the remainder when 585648 is divided by 585597.
51
Calculate the remainder when 985004 is divided by 7402.
538
What is the remainder when 13170163 is divided by 1656?
1651
Calculate the remainder when 2179110 is divided by 13048.
94
What is the remainder when 209284335 is divided by 41856866?
5
What is the remainder when 17213 is divided by 8219?
775
What is the remainder when 125443 is divided by 7353?
442
Calculate the remainder when 33821369 is divided by 990.
989
Calculate the remainder when 9280859 is divi